common divisor of y and f?
5
Let b(x) = 17*x**2 + x + 4. Let z(v) = 1 - 1 - v - 18*v**2 - 5. Let t(u) = 5*b(u) + 4*z(u). Let c be t(-1). Calculate the greatest common factor of 108 and c.
12
Let h be ((-256)/(-12))/(1/3). Calculate the greatest common divisor of 16 and h.
16
Let u be ((-8)/(-10))/((-2)/(-60)). Calculate the highest common factor of 48 and u.
24
Suppose -5 = -5*f + n, 0*n = 5*f - 3*n - 15. Let l be 42/3 - (f - 3). Calculate the highest common divisor of l and 17.
17
Suppose -46 = -2*d + 4*r, 4*d - 2*r + r = 57. Suppose 0*b = -3*t + 4*b + 183, t = -3*b + 74. What is the highest common factor of d and t?
13
Suppose -2*r - 5*l + 27 = -6*r, 0 = 3*r + 3*l. Let m = 4 + r. Let o(b) = 8*b**3 + b**2 - b. Let c be o(m). Calculate the highest common divisor of c and 16.
8
Let c = -27 + 41. What is the greatest common factor of c and 35?
7
Let n be 5/(15/(-6)) + 17. Let s(z) = z**3 - 7*z**2 - 7*z - 3. Let p be s(8). Calculate the greatest common divisor of p and n.
5
Suppose 2*j + j = 33. Calculate the greatest common divisor of 1 and j.
1
Suppose 8*w - 557 + 197 = 0. What is the highest common divisor of 9 and w?
9
Suppose 4*f - 8*f = -156. Calculate the highest common divisor of f and 13.
13
Let s(z) be the third derivative of z**5/60 - 5*z**3/6 - 3*z**2. Let o be s(-4). What is the highest common divisor of o and 99?
11
Let t = 4 + -1. Suppose -z - t = -5. Calculate the highest common factor of 4 and z.
2
Suppose -4 = 4*q - 8. Let t = q + 0. Calculate the highest common divisor of 8 and t.
1
Let a be 4*(-3 - (-6)/3). Let w be (a/(-10))/(2/(-10)). Let t be 99 - -1*(-2 - w). What is the greatest common factor of 9 and t?
9
Let i be 2/(84/208 - 3/12). What is the highest common factor of 208 and i?
13
Suppose 0 = -h - 2*u + 6, 0*h + 5*u = -3*h + 19. Let i(f) = f**3 - 9*f**2 + 12*f. Let m be i(8). What is the highest common divisor of h and m?
8
Let u(d) = d**3 + 6*d**2 + 5*d - 1. Let v be u(-4). Let h = v + -2. Calculate the greatest common divisor of 18 and h.
9
Suppose a = 1 + 3. Let f be (8/6)/(a/18). Suppose -120 = p - f*p. Calculate the highest common factor of 60 and p.
12
Suppose 3*j - 72 - 54 = 0. Let s be 5 - (2/(-6) - 16/24). Calculate the greatest common divisor of j and s.
6
Suppose -2*a = -6, -a = 4*x - 4 - 19. What is the highest common factor of x and 45?
5
Let a be (6/(-9) + 1)*291. Let l = 471 - a. Suppose l - 80 = 2*u. Calculate the highest common factor of u and 21.
21
Let z = 9 - 7. Suppose -67 = -z*k - c, 5*k = c + 55 + 109. Let n be 4/6 + 14/6. What is the highest common divisor of n and k?
3
Let a = 31 + 273. Let p = a - 178. What is the greatest common factor of 14 and p?
14
Suppose 0*u - 10 = -2*u. Suppose 0*b + 360 = u*b. What is the greatest common factor of 8 and b?
8
Let f be 26/169 + 1/((-13)/(-778)). What is the highest common factor of f and 45?
15
Suppose 0*p = -5*v - 4*p - 47, -5*p = -3*v - 6. Let x(m) = 78*m + 4. Let t be x(5). Let n be (-2)/7 - t/v. What is the greatest common factor of n and 8?
8
Let a be 588/14*(-1 - -2)/1. Suppose 3*f - 15 = 3*n, 0 = 4*n + n + 10. Let p = 9 - f. What is the highest common divisor of a and p?
6
Let v(l) = 5*l - 5. Let r be v(7). Suppose 2*i - 5*q - r = 0, -4*q = 4*i - 7*q - 74. What is the highest common factor of i and 10?
10
Let l be 5 - 0*1/(-3). Suppose l*q - 5*t = 36 + 24, -4*t = -8. What is the highest common divisor of q and 35?
7
Let b be (0 - -1)*(-2)/2. Let n = 2 - b. Suppose 0*g + n*p = 5*g - 257, 2*g = 2*p + 102. What is the greatest common factor of g and 13?
13
Let f = -37 + 73. Let w(o) = o**3 + 3*o**2 - 6*o - 4. Suppose -10 - 6 = 4*g. Let v be w(g). Calculate the greatest common factor of v and f.
4
Suppose -4*m - 1 + 13 = 0. Let j be 12/m + -4 + 2. What is the highest common divisor of 18 and j?
2
Let x = 15 + -15. Let a = 4 + x. Calculate the greatest common divisor of a and 44.
4
Let v(h) = h + 6. Let m be v(-4). Let j(b) = 4*b**3 - 2*b**2. Let x be j(m). What is the greatest common factor of x and 60?
12
Suppose -294 = -5*o - 74. Suppose -p = 4*p - m - 87, -5*m = -2*p + o. Let a be (4/(-3))/((-6)/153). What is the greatest common factor of p and a?
17
Let n = 2 - -1. Let w = 5 - n. Let b be 3 + (-2)/(-1) + w. What is the greatest common divisor of b and 35?
7
Let u be 0 - (1*-21 - -1). Calculate the greatest common divisor of 50 and u.
10
Let a(o) = o**3 + 10*o + 0*o**3 - 7*o**2 - 5 - 2*o**2. Let n be a(8). What is the highest common factor of 121 and n?
11
Let r(j) = -3*j**2 + 4*j - 2. Let q be r(2). Let w be 9/2*(-32)/q. Calculate the greatest common divisor of 6 and w.
6
Let x be (-2)/4 - (-35)/10. What is the greatest common factor of x and 27?
3
Suppose w + 1 - 6 = 0. Calculate the greatest common divisor of 5 and w.
5
Let n = -4 + 5. Let d be (-3 - -540)*n - 1. Let g = -316 + d. Calculate the highest common divisor of g and 20.
20
Let o be 1/3 + (-1)/3. Suppose v + 86 = 3*v + p, -3*v - 4*p + 119 = 0. Suppose 4*u - u - v = o. What is the greatest common divisor of 75 and u?
15
Let v(y) = -y**3 + 14*y**2 - y + 33. Let m be v(14). Calculate the highest common divisor of m and 57.
19
Let c be 36/(-15) - (-6)/15. Let m be (-1 - 1/c)*-40. Calculate the greatest common divisor of 220 and m.
20
Suppose -11*r + 3 = -10*r. What is the greatest common factor of 9 and r?
3
Suppose -d + 1 = 3. Let c be 0 - d - 1*-25. What is the highest common factor of c and 9?
9
Let f = 9 + -9. Suppose f*b + 3*b = 48. Calculate the greatest common factor of b and 2.
2
Suppose -z - y + 0*y = 0, 2*z = -y. Suppose 0 = s + 4*s. Suppose s*c - 4*c + 28 = z. What is the greatest common divisor of 7 and c?
7
Let p(v) = -v + 6. Let b be p(6). Let u be 0 + (-4)/(-2) - 0. Let c = b + u. What is the greatest common factor of c and 18?
2
Let f = 17 - 14. Suppose -2*v - 4 = -6*v, -m - f*v = -43. Calculate the greatest common divisor of m and 10.
10
Suppose 9*y - 48 = 3*y. What is the highest common divisor of 32 and y?
8
Let c(q) = q**2 - 3*q + 3. Let j be c(3). Let v be j*(0 - -1)*1. Calculate the greatest common factor of v and 27.
3
Let x(b) be the third derivative of -b**4/24 - b**3/3 + 3*b**2. Let s be x(-6). Suppose -s*h + 75 = h. Calculate the highest common factor of h and 165.
15
Suppose m - 31 = -5*i + 3*i, 0 = 5*m - 5*i - 125. Calculate the greatest common factor of 1 and m.
1
Suppose 3 = -5*l + 18. What is the highest common divisor of 3 and l?
3
Let d(s) = s**3 - 10*s**2 + 11*s + 6. Let y be (-4 - 2)*(-6)/4. Let f be d(y). What is the greatest common divisor of 16 and f?
8
Let a = -10 - -48. What is the greatest common factor of 95 and a?
19
Let a(h) = -h**3 - 12*h**2 - 2*h - 45. Let x be a(-14). Calculate the highest common factor of x and 15.
15
Let a be ((-3)/15 + 1)*5. Suppose -4 = -2*f - k, 3*f = f + 3*k - a. Calculate the greatest common divisor of f and 9.
1
Suppose -4*i + 20 = -0. Suppose 3*v = r - v + 10, 0 = 2*r + i*v - 6. Let f = 3 - r. What is the greatest common divisor of f and 1?
1
Suppose -8 + 68 = 5*v. Calculate the greatest common factor of v and 8.
4
Let o be 1/(33/15 + -2). Let n be 10 + (0/3)/3. Calculate the highest common factor of n and o.
5
Let g = -73 - -108. Calculate the greatest common divisor of 10 and g.
5
Let n = 3 + -3. Suppose -23 + 2 = c - 5*u, -2*u + 10 = n. Suppose a = 2*z + 13, 2*z - c*z = 2*a - 26. What is the highest common factor of a and 52?
13
Suppose 187 = 5*w + 172. What is the greatest common factor of w and 15?
3
Suppose 7*c = 5*c + 106. Calculate the greatest common factor of 583 and c.
53
Let x = -32 - -60. Let i(n) = 3*n. Let w be i(-1). Let l(m) = m**3 + 2*m**2 - 4*m + 1. Let f be l(w). What is the greatest common divisor of f and x?
4
Let b(d) = -60*d**3 - 3*d**2 - 2*d + 1. Let p be b(-1). Calculate the greatest common divisor of p and 20.
20
Let s be (60/16 - 4)*-4. Let z(l) = -l**2 + 9*l - 6. Let j be z(7). Calculate the highest common factor of j and s.
1
Let v be (-2)/48*-1852 - 1/6. What is the greatest common divisor of v and 7?
7
Suppose -199 = -3*f + l, -4*f + 265 = -2*l + l. Calculate the highest common divisor of f and 22.
22
Let f(n) = 7*n**2 - 9*n + 6*n + 4*n. Let s be f(2). What is the greatest common divisor of s and 15?
15
Let z = 0 + 0. Suppose 4*g - 1 - 39 = z. What is the highest common factor of g